 t be h(o). What is the highest common factor of t and 39?
13
Let x = -11 + 12. Suppose -10*i + x = -99. Calculate the greatest common divisor of i and 30.
10
Let o be (-98)/(-21)*3 + -12. Calculate the highest common factor of 374 and o.
2
Let f = 178 - 178. Suppose -2*l = -0*l, f = g + l - 448. Calculate the highest common factor of 28 and g.
28
Let m = -3067 + 15132. Calculate the highest common factor of 285 and m.
95
Let s = -303 + 663. Suppose -19*n + s = -4*n. Calculate the highest common divisor of n and 88.
8
Let t = -14608 + 14613. What is the highest common divisor of 9 and t?
1
Suppose -22*l - 119 = -75. Let d(s) = 5*s - 2. Let p(o) = -4*o + 3. Let k(z) = -3*d(z) - 2*p(z). Let n be k(l). Calculate the greatest common factor of 4 and n.
2
Let l(g) = 620*g + 44702. Let o be l(-72). Let a(t) = 402*t**3 + t**2 - t + 1. Let z be a(1). What is the greatest common divisor of z and o?
31
Let b = 11131 - 11055. Calculate the greatest common divisor of 292 and b.
4
Suppose 3*f = 6, 3*i - 7*f + 592 = -5*f. Let x = i - -199. Let k = -7 + 10. Calculate the greatest common divisor of k and x.
3
Suppose 196*f + 1890 = 250*f. Calculate the greatest common factor of f and 63.
7
Let q be (-13)/104*-16 + (-6)/(-3). Calculate the greatest common factor of 53 and q.
1
Let k(u) = 318*u**2 - 44*u + 66. Let m be k(2). What is the greatest common divisor of m and 1400?
50
Suppose 66 = 4*w - c - c, 5*w + 2*c - 96 = 0. Let f = -6490 + 7021. Calculate the greatest common divisor of f and w.
9
Suppose -232*l + 227*l = -40. Suppose -16*d + l*d = -72. What is the highest common factor of d and 4?
1
Suppose -10*x - 915 = 785. Let d = x + 247. What is the highest common divisor of 308 and d?
77
Let c(w) = -2*w**3 - 4*w**2 + 1248*w + 16. Let o be c(-26). Calculate the greatest common divisor of 296 and o.
8
Let j be 271/3 + -2 + 3/(-9). Let z(u) = -3*u**2 - 14*u + 2. Let s be z(-6). Let o be 6 + -8 - (s - 2). What is the highest common divisor of o and j?
22
Let i = -23 - -28. Let v(t) = -64*t - i + 3*t**2 + 118*t - 36*t. Let s be v(-7). Calculate the greatest common factor of 32 and s.
16
Let f be (2 + 0)*((-3714)/(-108)*9 - -5). Calculate the greatest common divisor of 119 and f.
17
Let j = 14 - 4. Let o(k) = -199 - 196 + 613 + k - 202. Let c be o(j). Calculate the greatest common factor of c and 208.
26
Let s(v) = -6*v + 27. Let o be s(-8). Suppose 0*u + o = 3*u + 4*p, -p = -4*u + 81. Let h be 3*7*(-7 + 8). Calculate the greatest common factor of h and u.
21
Suppose 141680 = 113*f + 27*f. What is the highest common factor of f and 66?
22
Suppose -122 - 88 = -3*s. Let d be (-3)/9 - 250/(-3). Let q = -55 + d. Calculate the greatest common factor of s and q.
14
Let d be (4/(-5))/(((-6)/(-240))/(-1)). Let i(n) = n**3 - 9*n**2 + 15*n - 5. Let l be i(7). Calculate the highest common divisor of d and l.
2
Let t(a) = -a**3 + 131*a**2 + 680*a + 148. Let u be t(136). Let y(m) = 112*m**3 - m. Let s be y(1). Calculate the highest common divisor of u and s.
37
Suppose z - 2*k + 12 = 6*z, 2*z + 3*k = 7. Let v be -5*(-2)/(-4)*z/(-5). Calculate the greatest common factor of v and 7.
1
Let o be 1*(1 - -20) - 5/(205/369). Let n be ((-16)/20)/((-4)/1870). Suppose 0 = 5*j - n - 106. What is the greatest common divisor of o and j?
12
Let h be 6/21 - (0 + 456/(-21)). Suppose -4*f = -5*v + 238, 0 = h*v - 21*v - 4*f - 54. What is the greatest common divisor of 184 and v?
46
Suppose 4*b - 49 = 67. Let t be (-10)/(-4)*(-2784)/(-30). What is the greatest common divisor of t and b?
29
Let o(k) = -k**3 - 98*k**2 - 461*k + 412. Let h be o(-93). Let u be (-30*(-6)/9)/((-2)/(-8)). What is the greatest common factor of h and u?
40
Let f = -42 + 46. Suppose f*h + 5*c = 43, 0*h + h - 13 = -2*c. Calculate the greatest common factor of h and 14.
7
Let l(t) = 422*t**2 - 39*t + 33. Let g be l(6). What is the greatest common factor of g and 57?
57
Let r(h) = h**3 - 13*h**2 + 9*h - 3. Let t be r(14). Let o = t + -244. Suppose -3*y + y + 50 = 0. Calculate the greatest common factor of y and o.
25
Suppose 34*r + 973 = 1177. Calculate the greatest common divisor of r and 219.
3
Suppose 5*k - 24 = 3*k. Let z(b) = 54*b**3 + 470*b**2 + 12*b - 128. Let i be z(-8). Calculate the highest common divisor of k and i.
12
Suppose -374*k + 14459 - 995 = 0. Let w be (-3524)/(-14) - 4/(-14). What is the highest common factor of k and w?
36
Let v be 172/14 + 0 - (-2760)/1610. Suppose -4*h = -7*h + 336. Calculate the highest common divisor of h and v.
14
Let z = -735 + 1328. Suppose 591*t + 14 = z*t. Calculate the greatest common factor of 56 and t.
7
Let v = -62 - -68. Let b be ((-16)/v + -4)*-24. Suppose 0*r + b = 5*r. What is the highest common divisor of r and 8?
8
Let w = 158 - -304. Suppose 0 = -11*h + w + 22. Calculate the greatest common factor of 594 and h.
22
Let h = 421 - 385. Suppose 3*x + 4 - 16 = 0. Suppose 637 = x*v - 515. Calculate the highest common factor of v and h.
36
Suppose 2*b - b = 42. Suppose 34 = 4*w + 134. Let s = w + 39. What is the highest common factor of s and b?
14
Let f be 2/(-11*9/(-12474)) - 8/2. Suppose -o + 124 = 3*o. What is the greatest common divisor of f and o?
31
Let p be 2/(-4) + (-1767)/(-6). Suppose -142 = -5*q + 25*l - 27*l, 3*q = -3*l + 87. What is the highest common divisor of q and p?
14
Suppose 0 = 3*r - 4*l + 4 - 10, r + 2*l - 12 = 0. Suppose 3 = q - 4*y, -3*q + 2*y - 65 = -r*q. Calculate the greatest common factor of q and 361.
19
Suppose 2*l + 253 = 241, 2*z = -3*l + 396. Calculate the greatest common divisor of 8625 and z.
69
Let u(z) = -z**2 + 17*z + 47. Let l be u(16). Let s(w) = -w**3 - 8*w**2 - 14*w - 5. Let p be s(-6). What is the greatest common divisor of p and l?
7
Suppose 12404*f = 12391*f + 1300. What is the greatest common factor of 1450 and f?
50
Let p(v) = -v**2 - 145*v - 4797. Let b be p(-81). What is the greatest common divisor of b and 301?
43
Suppose -6447 + 1327 = -8*s. Suppose 4*v = 9*v - s. Let d be (-24)/(-40) - v/(-20). What is the highest common divisor of 7 and d?
7
Suppose -162 = 5*m - 1362 - 340. What is the greatest common factor of 49 and m?
7
Let i = 6557 + -5745. Calculate the highest common divisor of 1160 and i.
116
Let l be (-875)/(-275) - ((-26)/(-22) - 1) - -1275. What is the highest common factor of l and 324?
18
Let o be (0 - 3/(-9))*93 + (-584)/146. What is the greatest common divisor of 351 and o?
27
Let a be (4 + 0 + -2)*135/30. Let l be (a/(-4))/(9/(-168)). What is the highest common divisor of l and 210?
42
Suppose 0 = 457*o - 494*o + 192067. What is the highest common factor of 537 and o?
179
Let w be (0 - 2) + -3 - -61. Let a = w - 53. Suppose -165 = -g - 2*g - a*b, 0 = g + 3*b - 57. What is the highest common factor of g and 18?
18
Suppose 26 = 2*p - 52. Suppose 0 = -p*n + 38*n + 9. Suppose -n*a + 4*a + 15 = -2*f, 2*a - 2*f = 0. What is the greatest common divisor of 5 and a?
5
Suppose 0 = -207*q + 218*q - 726. Suppose q - 462 = -22*j. What is the highest common divisor of 1206 and j?
18
Suppose 285*d + 378 = 294*d. Let h = 460 - -86. What is the highest common divisor of d and h?
42
Let u be 1388/(-2)*17/(-34). Let j = 442 - u. What is the highest common divisor of 76 and j?
19
Let a(p) = p**3 - 8*p**2 + 14*p. Let g be (15/(-25))/(2*(-4)/80). Let d be a(g). Calculate the greatest common factor of d and 516.
12
Let h(g) = 2*g**3 + 15*g**2 - 10*g - 12. Suppose -6*p = -18*p - 96. Let k be h(p). Calculate the greatest common divisor of 4 and k.
4
Let y = -69 - -75. Suppose -y*b + 82 = -7*b. Let s = 137 + b. What is the highest common divisor of s and 11?
11
Let m(u) = -3*u - u**2 + 2*u**2 - 2*u - 68 + 71. Let n be m(4). Let b be (1 - n)*3/(-2)*-1. What is the highest common divisor of 27 and b?
3
Suppose 0 = -2*n - 7*n - 5373. Let j = n - -603. Calculate the highest common factor of j and 45.
3
Let m = 41 - 29. Suppose 8*x + m = 4*x. Let g = x + 11. What is the greatest common factor of 56 and g?
8
Suppose -26*g - g + 4669 = 2*g. What is the highest common factor of 1472 and g?
23
Let c(s) = s**2 - 19*s + 50. Suppose 0 = 17*o + 2*o - 304. Let x be c(o). Calculate the highest common factor of x and 14.
2
Let g be 10 + (-1 - 0/1). Let b(z) = 3*z + 37. Let h be b(-5). Let a = -21 + h. Calculate the greatest common divisor of